pose -4*f + 4 = -2*f. Let q be (-9645)/(-27) - f/9. Suppose 0 = b + 3*v - 68, -4*b - 2*v + 7*v = -q. Is b composite?
False
Suppose -2*a - a - 5*g + 21 = 0, -3*g = -a - 7. Let h be -1 + (0 - (0 - 3)). Is a/1*19/h composite?
False
Suppose -3575 = -3*h - 2*g, 2*g = 2 + 6. Is h a composite number?
True
Suppose 4*z = a + 38441, -18753 - 29317 = -5*z - 5*a. Is z composite?
True
Let r(x) = -x + 65. Suppose 3*i = -2*s - 15, 4*i + i + 25 = 4*s. Is r(s) a composite number?
True
Suppose -3299 = -8*d - 267. Is d prime?
True
Suppose -3*d = -0*s + 2*s - 74, 4*d + 4*s = 104. Is d composite?
True
Let b be (1/2)/((-2)/(-4)). Let i(r) = -r**2 + b - 8*r**3 - 23*r**3 + 0*r**2. Is i(-1) a composite number?
False
Let v(y) = y**2 - 5*y + 15. Let h = -4 - 8. Is v(h) a composite number?
True
Let o = 15 + -11. Is 419 - (4 + -8 + o) prime?
True
Suppose -3*y = -13 - 8. Let w be y - ((0 - -2) + -1). Suppose -4*a + w*a = 94. Is a prime?
True
Let a be 4*(75/4 + -2). Suppose 0 = -4*o - a + 223. Is o composite?
True
Is 1 - 1*(-2 - 434) a composite number?
True
Let k(s) = s**3 - s**2 + s + 211. Is k(0) prime?
True
Suppose 2*f - 356 - 538 = 0. Is f prime?
False
Suppose 2325 = -21*c + 35379. Is c prime?
False
Let d(p) = p**2 - 9*p - 1. Let t be d(8). Let m = 20 + t. Is m composite?
False
Let p = 101 + -7. Is p/1 + 24/(-8) a composite number?
True
Let o(k) = k + 17. Let h be o(-15). Suppose -3*z + 385 = h*z. Is z a prime number?
False
Let z be 2*-1 - 184/(-23). Is ((-381)/z)/((-5)/10) a prime number?
True
Let o(l) = 2*l**3 + 2*l**2 - 4*l + 5. Let c = 11 - 15. Let x be o(c). Is 55*(-5)/(x/9) prime?
False
Let o = 4 - 1. Suppose -o*w + 4 + 5 = 0. Suppose -w*l + 88 = l. Is l a composite number?
True
Let s = -4 + 7. Suppose 4*w + 163 = s*k, -2*w + 48 = k + 3*w. Is k a composite number?
False
Suppose -4*i + 41 = -107. Is i a composite number?
False
Let r(b) = -b**3 - 6*b**2 - 2*b - 1. Let y be r(-6). Let h = y - 7. Let l = h - -7. Is l prime?
True
Let d(r) = -740*r + 13. Is d(-4) composite?
True
Let q(c) = 10*c**2 + 7*c + 2*c + 2 + 3*c - 7*c. Is q(-3) composite?
True
Let n(t) = 7 - 2*t**2 + t**3 + 2*t + 2*t**2 - 9. Is n(3) prime?
True
Suppose -2*c - 4*q + 48 + 30 = 0, -2*c + 78 = -5*q. Let t = c - 13. Is t composite?
True
Let z(b) = -b**3 - b**2 + b + 69. Let p be (-3)/(-3)*-1*1. Let q = p + 1. Is z(q) a prime number?
False
Suppose 0*k + k = u + 32, 4*u + 91 = 3*k. Let f = 0 + k. Is f a composite number?
False
Suppose 2*l - 3*u = -1, 0 = 2*l + 2*l - 2*u + 14. Let h(a) = -16*a + 11. Is h(l) prime?
False
Suppose -3*d - 2 = -2*o + d, d = 2*o - 5. Is 329 - (1 - o) - 0 prime?
True
Suppose -2*r = 3*r + 75. Let v be 80/r*6/(-4). Is (2 - 0)*268/v a composite number?
False
Let a be (28 - 1/1) + 3. Suppose a = -3*z - 4*p + 161, -z + 29 = 5*p. Is z prime?
False
Suppose -2 = -o + 1. Is (1203 + -12)*1/o composite?
False
Let h be (-18)/(-99) - (-2)/(-11). Let a = 1 + h. Suppose 6*f - f + 3*r = 18, 0 = -f + 4*r - a. Is f a prime number?
True
Suppose g - 280 = -3*i + 240, 0 = 3*g - 4*i - 1547. Is g prime?
False
Suppose 0 = 3*m - 0*m - 9. Suppose -m*y + 0*y - r + 95 = 0, -5*y = -4*r - 147. Is y composite?
False
Let q = 640 + 7. Is q a composite number?
False
Let i(d) = 12*d - 1. Let a(z) = 25*z - 2. Let y(j) = -2*a(j) + 5*i(j). Is y(2) a composite number?
False
Let i(u) = 5*u + 9. Let t be i(8). Let k = t + -148. Is 7/(3*(-3)/k) a composite number?
True
Let r = -40 - -14. Let b = r - -18. Is (114/b)/((-1)/4) prime?
False
Suppose -2*g - 75 = g. Let n be 39 + 1 + -5 + 3. Let s = g + n. Is s a composite number?
False
Let d be 283/2*-1*4. Let w be d/(-10) + (-2)/(-5). Let z = 110 - w. Is z composite?
False
Suppose r + 1 = 5*x, -5*x + 2*x + 5 = -5*r. Is 0 + x + 1062 + -1 prime?
True
Let f = 4 + -6. Let z = f + 11. Is z a prime number?
False
Suppose o - 3*i = 55 + 59, 0 = -3*i - 12. Let n = o - 55. Is n a prime number?
True
Let w(m) = m**3 - 6*m**2 - 9*m + 3. Is w(8) prime?
True
Let y(h) = h**3 + 4*h**2 - h - 2. Let u be y(-4). Let t = u + -1. Is (-2 + 19)/(t/7) a composite number?
True
Suppose 3*r - 48 = r. Suppose -2*a + 26 + r = 0. Let g = a + 54. Is g prime?
True
Let j be 6*(-6)/(-45)*-5. Let n be (-418)/j + (-4)/(-8). Suppose 276 = 4*y - 4*t, 5*y - n - 285 = -4*t. Is y a prime number?
False
Suppose 5*d + 5*b - 15 = 0, 0 = d - 0*b - 3*b + 17. Is 34 + -2 + (d - -1) a prime number?
True
Suppose 909 = 4*t - 1799. Is t a prime number?
True
Let k = 121 + 28. Is k prime?
True
Suppose 5 = 2*b - 1. Suppose 4*t + 41 = b*f, t + 35 = 3*f - 0*f. Let g = f + -7. Is g composite?
True
Let p = 10 - 5. Suppose -3*l = -3*z + z - 116, 2*z = p*l - 200. Let o = 75 - l. Is o composite?
True
Is 2356/11 + ((-144)/66 - -2) a composite number?
True
Suppose 33*p - 93 = 30*p. Is p a prime number?
True
Let d(f) = -4*f + 11. Is d(-11) prime?
False
Let x = 8 - 9. Is ((-741)/(-3))/(x + 2) composite?
True
Suppose -10*q = -12*q + 1270. Is q a composite number?
True
Let b = -271 + 117. Let h = -71 - b. Is h a composite number?
False
Let t = 140 - -29. Is t composite?
True
Let q = 2 + 1. Suppose -4*h = -q*j - 5, 2*h = 3*j + 7 + 6. Is (j/2)/((-1)/26) a prime number?
False
Let g(u) = -u**3 - 5*u**2 - 6*u - 5. Let l be g(-4). Suppose -4*y + l*m - m + 52 = 0, 0 = 2*y + 5*m - 14. Suppose 0*a + y = 3*a. Is a prime?
False
Let i(o) = 20*o**2 - 5*o - 2. Let c be i(5). Suppose 5*k - c = -148. Is k a prime number?
False
Let h be (6/(-5))/((-6)/(-15)). Let x(w) = 22*w**2 - 2*w + 7. Is x(h) composite?
False
Suppose 245 = -5*l + 85. Let u be 2/(-8) + (-277)/(-4). Let t = l + u. Is t composite?
False
Suppose 0*k + 2*k - 1498 = 0. Let d = k + -450. Is d prime?
False
Let k be (-3 - (-7 - 4)) + -4. Suppose k*t = 5*t - 13. Is t a composite number?
False
Let r(h) = 60*h**2 + 6*h + 5. Is r(4) a prime number?
False
Let b(k) be the third derivative of 7/30*k**6 + 0*k - 1/60*k**5 - 1/8*k**4 - k**2 + 1/2*k**3 + 0. Is b(2) prime?
False
Suppose 0*g + 12 = 3*g. Suppose 2*v + 0 = g. Suppose d + v = 16. Is d a composite number?
True
Suppose 2*y = 3*q + 6718, 2*y = -q + 2*q + 6718. Is y a composite number?
False
Let i be -2 - (-1 + 20 - 2). Let z = i - -56. Is z a composite number?
False
Suppose n - 287 = -0*n - 5*k, 3*n = -4*k + 894. Is n composite?
True
Let f be (349 - 1) + 2 + -1. Suppose -5*w = 3*m - f, 5 - 1 = 2*w. Is m a composite number?
False
Suppose -4*g - 2*a + 68 + 122 = 0, -178 = -4*g + 2*a. Let d = 51 + g. Is d prime?
True
Let h be 258/(-3) - (-3 + 2). Is (-51969)/h - (-2)/(-5) a composite number?
True
Suppose 5*k - 3*t = 3383, 0 = -3*k - t + 905 + 1136. Is k a prime number?
False
Suppose -g + 0*g = -4. Suppose 3*z = -g*s + 77, -z - 3*s = -7*s + 1. Is z composite?
False
Let c be 4/(-6) - (-4949)/21. Suppose 4*x = -x + c. Is x prime?
True
Suppose -25 = -3*f - 2*f. Let y(m) = 3*m**2 - 3*m + 5. Is y(f) prime?
False
Let y(b) = b**2 - 3 - b**2 + 0*b - 6*b - b**2. Suppose 4*t = -0*t - 20. Is y(t) composite?
False
Suppose 4*n - 5 = -n. Let k(t) be the third derivative of 7*t**5/60 - t**2. Is k(n) prime?
True
Suppose 0 = -2*i + 4*i + 5*h - 1, 3*h - 9 = -4*i. Suppose i*a = -a + 52. Is a composite?
False
Let f(g) = -14*g**3 - g**2 - 7*g - 7. Is f(-4) a composite number?
True
Let p(w) be the second derivative of w**3/3 + 5*w**2/2 - 5*w. Is p(7) a composite number?
False
Suppose -57 = -9*c + 276. Is c composite?
False
Suppose g - 190 = -0*g - 5*f, 924 = 5*g - f. Is g composite?
True
Let b(j) = -59*j**3 - 4*j**2. Let r(a) = -60*a**3 - 5*a**2. Let t(h) = -6*b(h) + 5*r(h). Is t(1) a prime number?
True
Let s(f) = f**3 - 17*f**2 - 18*f + 4. Let a be s(18). Suppose 400 = 2*r - 0*m - 3*m, -a*m + 414 = 2*r. Is r composite?
True
Suppose 0 = 3*f + 2*f. Suppose -h + f = -8. Suppose -61 = -3*k + h. Is k prime?
True
Let k(s) = 3*s**3 - 4*s**2 - 10*s + 7. Let q be k(9). Suppose -w = -5*w + q. Is w composite?
True
Let u(l) = 10*l**3 + 4*l**2 - 2*l + 5. Is u(3) composite?
True
Suppose 25 = 3*h - 8*h. Let y(u) = 2*u**2 + 3*u - 1. Let l be y(h). Let d = l + -21. Is d prime?
True
Let c be 13/3 - (-3)/(-9). Let p = c + -2. Suppose p*v = 53 + 9. Is v prime?
True
Is 290*((-3)/2 - -2) a prime number?
False
Is (-1368 + 2)*(-3 - 10/(-4)) a prime number?
True
Is (-3)/4 - (-7934)/8 composite?
False
Suppose -2*t = 4*a - 3846, 4*t - 9100 = a - 1372. Is t a prime number?
True
Let r(p) = p**3 -